or of m and 33.
33
Let r(z) = -2*z - 2. Let b be r(2). Let a be (-51 + b + 3)/(-2). Calculate the greatest common factor of a and 3.
3
Suppose -y = 5*q - 9 - 10, -y - 5 = -3*q. Suppose -y*w = -104 - 248. Calculate the greatest common factor of 8 and w.
8
Suppose 5*n + 2*q = 25, -4*n + q + 32 = 5*q. Let b be n + -1 - (-4 - 0). Suppose 0*w + b = 3*w. What is the highest common factor of w and 5?
1
Let k(t) = t**3 - 4*t**2 + 2*t. Let w be k(4). Suppose -2*a = 55 - 95. Calculate the greatest common divisor of a and w.
4
Suppose -6*i = -3*i - 132. Let s = i + 1. What is the highest common divisor of s and 9?
9
Let m = 10 - 7. Let y = -18 + 48. Calculate the highest common divisor of m and y.
3
Let m be 30/((-6)/9*-3). Let r = 33 + -23. Let c be (-2)/r - 228/(-15). Calculate the greatest common factor of m and c.
15
Let q(c) = c + 26. Let v be q(0). Suppose 0 = -4*m - v + 194. Let n(k) = 3*k - 18. Let y be n(8). What is the greatest common divisor of m and y?
6
Suppose -4*p + 14 + 50 = 0. Let m = -2 + p. Let c be 2*-1*(-14)/4. Calculate the greatest common factor of m and c.
7
Suppose 2 = f - 0*f. Let i be ((-18)/(-12))/(f/20). Suppose 0*l - 3*l + i = 0. What is the greatest common factor of l and 20?
5
Let x = -34 - -47. Suppose -11 = -3*w + x. Let k be 119/3 - 2/(-6). What is the greatest common divisor of w and k?
8
Let l be (2 - 4)*1*-18. Let g be 1/(-2 - (-74)/l). Suppose -3*w + 13 + 23 = 0. What is the highest common factor of w and g?
6
Let t be (-2)/7 + (-516)/(-42). Calculate the greatest common divisor of t and 36.
12
Let d be (-4)/(-8) + (-1)/2. Suppose -k = r - 18, d = 2*k - r + 4*r - 36. Calculate the highest common factor of k and 27.
9
Let g be (4/2)/((-8)/12). Let b be 12*(22/6 + g). Calculate the highest common factor of 1 and b.
1
Let m(r) be the third derivative of r**5/60 + r**4/12 - r**3 - 3*r**2. Let a be m(-5). What is the greatest common factor of 6 and a?
3
Let c(h) = -5*h + 2. Let p be c(-6). Let v = -10 + p. Suppose -113 = -3*l + 613. What is the greatest common factor of v and l?
22
Let z be (1/(-3))/((-4)/108). Let s(b) = b**2 - 8*b - 6. Let g be s(z). Let n be (1 + 7/g)*3. Calculate the greatest common divisor of 80 and n.
10
Let o be ((-170)/(-4))/((-2)/(-4)). Suppose 0 = -3*t + 6. Suppose -7*d + 85 = -t*d. Calculate the highest common divisor of o and d.
17
Let k(o) = 2*o - 8. Let q be k(9). Calculate the highest common divisor of 2 and q.
2
Let g be (0 + 0 - 27)*-4. Suppose 0 = 4*h - h - 99. Suppose 5*w = 5*r + 45, -2*w - 3*r + 0*r + h = 0. Calculate the greatest common factor of g and w.
12
Let n(w) = w**3 + 3*w**2 - 6*w + 5. Let m be n(-4). Suppose -3*i = 4*x - 19, -2*i + 5*i + 5*x = 14. Calculate the highest common divisor of i and m.
13
Suppose -5*y + 60 = -0*y. What is the highest common divisor of 96 and y?
12
Let r be -1 - (-7)/(21/30). Let x(d) = 7*d**3 - 2*d**2 + 1. Let z be x(1). Calculate the highest common divisor of r and z.
3
Let o be 2/7 - (-306)/(-42). Let b = o - -1. Let w = b + 33. Calculate the greatest common factor of 9 and w.
9
Let c(b) = 50*b**2 - 2. Let a be c(-1). Calculate the greatest common divisor of 24 and a.
24
Let h = -29 - -51. What is the highest common divisor of 33 and h?
11
Let y = -2 + -2. Let b(f) = f + 1. Let p be b(2). Let j be (-16)/p*6/y. What is the highest common factor of j and 1?
1
Suppose -2*i = -f - 48, -48 = -i - i - 4*f. Let j = -4 + i. Calculate the highest common factor of j and 30.
10
Let z(f) = -6*f - 1. Let q be z(-2). What is the highest common divisor of q and 11?
11
Suppose 7*f - 379 = 209. What is the greatest common divisor of 56 and f?
28
Suppose 7*h - 16 = 5*h. Calculate the highest common factor of 16 and h.
8
Let i = 724 + -360. Suppose -97 = -v + 3*g, 5*v - 4*g - 882 = -i. Let y = v - 40. Calculate the greatest common divisor of y and 6.
6
Let r(j) = -j**3 - 3*j**2 + 5*j - 8. Let s be r(-6). Let m(z) = -z**2 - 6*z + 5. Let d be m(-5). What is the greatest common divisor of s and d?
10
Let w(d) = -9*d - 5. Let t be w(-5). What is the greatest common factor of t and 100?
20
Let w = 1 - -2. Suppose 0 = -w*c + 5*n + 353, -n + 509 = c + 3*c. What is the highest common divisor of 14 and c?
14
Let p be (-12)/30 + 244/10. Calculate the highest common factor of 216 and p.
24
Let q = -23 + 42. Calculate the greatest common factor of 133 and q.
19
Let s(b) = b**3 + 7*b**2 - 7*b + 6. Let v be s(-7). Suppose 4*a = 41 + v. What is the highest common divisor of 192 and a?
24
Let l = -2 - -5. Suppose 0*w + 60 = l*w. Suppose -2*t + 38 = -5*x, -4*x - w = -t - x. What is the greatest common divisor of 154 and t?
14
Suppose -z - 28 = -9. Let u = -12 - z. Let n = 5 + 72. Calculate the greatest common factor of u and n.
7
Let f(q) = 24*q + 8. Let o be f(7). Suppose -h - 3*v = -4, 13 + 51 = 5*h + 4*v. What is the greatest common divisor of o and h?
16
Suppose k - 27 = 3*o, 0 + 5 = o. Let y = k + -20. Suppose p + y = 2*p. Calculate the greatest common divisor of p and 2.
2
Suppose 0 = -6*b + 3*b - 3*k, 0 = -3*b + 2*k. Let n = -2 - -2. Let d be 220 + (b/2 - n). What is the highest common factor of 20 and d?
20
Suppose 8*j - 3*j - 44 = b, 5*j - 25 = 0. Let t = -13 - b. Calculate the highest common divisor of 18 and t.
6
Let m(a) = a**3 + 4*a**2 - a - 3. Let z = -2 - -3. Let c be (-4 - 0 - 0)/z. Let g be m(c). Calculate the greatest common factor of 1 and g.
1
Let c(v) = v**3 + 6*v**2 - 7*v - 8. Let t be c(-7). Suppose 2*q - 5*x = 12, 3*q + 7*x + 5 = 3*x. Let r = q - t. What is the greatest common factor of r and 1?
1
Suppose 2*z = 4*z - 20. What is the highest common factor of z and 50?
10
Let y = -8 - -25. Calculate the greatest common factor of y and 85.
17
Suppose 12*s - 11*s + 9 = 4*y, y = 2*s - 3. What is the greatest common factor of s and 3?
3
Let d be (1/(3/396))/1. Calculate the greatest common factor of 12 and d.
12
Let y be 1*45 + 2 + 1. What is the highest common divisor of y and 32?
16
Let o be (-58)/12*-2 + 10/30. What is the greatest common divisor of 70 and o?
10
Let s be -1 + -6*(-3)/3. Suppose -f = 4*f - s. Let b be 15/6*(1 + f). What is the greatest common divisor of 5 and b?
5
Let h(b) = -b**2 + 15*b + 34. Let d be h(16). What is the highest common divisor of d and 27?
9
Let m(c) = -c + 16. Let x be m(10). What is the greatest common factor of 12 and x?
6
Suppose -l = l - 2. Let h(x) = x**3 - 3*x**2 + 2*x - 4. Let a be h(3). Let r be 30*l/a*3. Calculate the greatest common divisor of r and 15.
15
Let l(u) = -u**2 + 13*u + 4. Let b be l(9). Suppose 3*r + 8*n - 4*n - 36 = 0, -n = r - 11. What is the greatest common divisor of r and b?
8
Suppose -55 = 5*t - 160. What is the greatest common divisor of 14 and t?
7
Let a = 0 - -6. Let l be (9/(-4))/(a/(-16)). Let i(u) = u**3 + u + 42. Let r be i(0). Calculate the greatest common divisor of r and l.
6
Let b = 2 + -7. Let v = b - -45. Calculate the highest common factor of 20 and v.
20
Let h(m) = -m - 4. Let y be h(-5). Let l be (-3)/y + (14 - -3). Let o be (-758)/(-6) + 1/(-3). What is the highest common divisor of l and o?
14
Let l = -15 - -29. What is the greatest common factor of 56 and l?
14
Suppose 4*w = r - 72, 0*r - 3*r - w + 281 = 0. Calculate the greatest common divisor of r and 46.
46
Let k(u) = 2*u + 81. Let r be k(0). What is the greatest common divisor of 9 and r?
9
Let v be 8/(-12) - (-5)/3. Let j be (0 + -4)/(v/(-2)). Let o be 2/j - (-441)/28. Calculate the greatest common divisor of o and 64.
16
Suppose p = 5*j - 24, 2*p + 2*p + 11 = 3*j. Suppose -4 = a - 3*a. What is the highest common factor of a and p?
1
Suppose -y + 20 = n, -3*y - 5 + 75 = 5*n. What is the highest common factor of 10 and y?
5
Suppose -g - 2*u - u + 72 = 0, -2*u = -8. What is the highest common factor of g and 12?
12
Suppose -12*z + 4*p + 672 = -8*z, 0 = 2*p. What is the highest common divisor of z and 48?
24
Let p(i) = -2*i**2 + 35*i + 9. Let c be p(16). Calculate the greatest common factor of c and 38.
19
Suppose -v + 7 = 3*l, 4 + 31 = 5*v + l. Calculate the greatest common divisor of 35 and v.
7
Let j(t) = t**3 - 5*t**2 - t + 5. Let h be j(4). Let k = 27 + h. What is the highest common factor of 24 and k?
12
Suppose 5*s - 23 = 2. Suppose 2*p - 27 = s*u, 2*p + u + 8 = 5*p. Suppose 2*b - 8 = -v, 2*v - p = 2*b + 15. What is 